t r(z) = -z**3 - z**2 + 4*z + 3. Let j be r(-2). Let g = -1 - j. What is the units digit of a(g)?
2
Let a = 134 - -126. What is the tens digit of a?
6
Let j(g) be the third derivative of -g**6/120 + g**5/6 + g**4/6 - g**3/3 + g**2. Let z be j(10). Suppose 2*c + z = 4*c. What is the units digit of c?
9
Let w be 1/5 + 112/40. Suppose -2*r + r + 4*p = -25, -5*r + 20 = p. Let v = w + r. What is the units digit of v?
8
Suppose -b + 0*x = 2*x - 89, 4*b - 5*x = 369. What is the units digit of b?
1
Let f be (-1 - -1) + 6/3. Suppose -f*m + 10 = -m. What is the tens digit of m?
1
Let c(w) = 53*w**2 - w + 2. Let v be c(1). Let p = v - 18. What is the tens digit of p?
3
Let v(j) = 1. Let r(b) = -b - 1. Let h(a) = -r(a) + 3*v(a). Let l be h(6). Suppose -i + l = i. What is the units digit of i?
5
Let i be ((-12)/15)/((-4)/30). Suppose 0 = -i*j + j + 20. What is the units digit of j?
4
Suppose -q + b + 45 + 1 = 0, -5*b = -2*q + 98. What is the tens digit of q?
4
Suppose -4*y + 6 = -6*y. Let j(s) = s**3 + 3*s**2 - 3*s - 4. Let z be j(y). Suppose 4*f - 3*i = -f + 17, -z*i - 16 = 4*f. What is the units digit of f?
1
Suppose 0 = -6*n + 447 + 153. What is the hundreds digit of n?
1
Let p = -191 - -294. What is the tens digit of p?
0
Suppose -10 = -5*i + 5*g, 8 + 24 = 4*i + 2*g. What is the units digit of i?
6
Let u(x) = x**3 + 9*x**2 + 8*x - 7. Let n be u(-7). Let l = n - 24. What is the tens digit of l?
1
Suppose p - 5 = -4*p. What is the units digit of p?
1
Let d = -2 + 14. What is the units digit of d?
2
Let g = 7 + -5. Let u be (g/6)/((-1)/(-9)). Suppose 3*n - 21 = 4*a, 0*n + 7 = n - u*a. What is the units digit of n?
7
Suppose -w + 1 = -2. Let j(n) = n**2 - 2*n. Let v be j(2). Suppose -1 = a + 3*f, v*a - w*f = 2*a - 4. What is the units digit of a?
5
Let k(i) = 2 - 8*i + 2 + 6*i**2 - 14 + 5 + i**3. What is the units digit of k(-6)?
3
Let p(a) = -5*a - 13. Let y(q) = -2*q - 7. Let r(h) = 3*p(h) - 5*y(h). What is the units digit of r(-6)?
6
Let m = -41 + 24. Let v = -12 - m. Suppose -3*b = -v - 16. What is the units digit of b?
7
Let b(a) = -a**3 - 5*a**2 + 8*a + 2. Let n be b(-6). Let w(x) = x**2 + 7*x - 4. What is the units digit of w(n)?
6
Suppose 2508 = 15*z + 4*z. What is the tens digit of z?
3
Let z be 53/5 - (-2)/5. Let t be ((-2)/(-3))/(-1) + 1298/66. Let g = t - z. What is the units digit of g?
8
Let u = 725 - 437. What is the hundreds digit of u?
2
Suppose 4*l - 10 = -2*u - 0*l, -13 = -3*u - 4*l. Suppose u*z - 18 = z. What is the units digit of z?
9
Suppose 0 = -4*n + 41 - 25. What is the units digit of n?
4
Let z(s) = 3*s - 13. Let u(j) = -j**3 - j**2 + j + 9. Let d be u(0). Let m be z(d). Suppose b + 0*b - m = 0. What is the units digit of b?
4
Let k be (-2)/(-5) - 115/(-25). Let f(b) be the third derivative of -b**6/120 + b**5/12 + b**4/8 - 5*b**3/6 + 2*b**2. What is the tens digit of f(k)?
1
Let a = 9 - 15. Suppose 4*b - 3*v - 60 = 0, 0*b - 5*b + 2*v = -82. Let o = a + b. What is the tens digit of o?
1
Let q = 1121 + -696. What is the hundreds digit of q?
4
Let r be ((-6)/9)/(4/(-18)). Let n be 4 + 2 + r + -6. Suppose v - 4*v - 46 = -5*t, 3*t = n*v + 24. What is the units digit of t?
1
Let b(l) = -2*l**3 - 8*l**2 - 4*l + 6. What is the tens digit of b(-6)?
7
Let h = 160 + -69. What is the units digit of h?
1
Let z(i) = -i**3 - 4*i**2 - 5*i - 4. Let l be 3*(6/(-3) - -1). Let g be z(l). Suppose -g*r + 20 = x, 30 = 2*r + r + 2*x. What is the tens digit of r?
1
Suppose -4*o + 252 = 48. What is the units digit of o?
1
Let v(i) = 38*i**2 + i - 3. What is the tens digit of v(2)?
5
Let k(i) = i**3 + 6*i**2 + 5*i - 2. Let w = 5 - 2. Suppose -d = -w*d - 8. What is the tens digit of k(d)?
1
Suppose -2*g + 32 = -3*k, -4*k + 5*k - 36 = -4*g. Suppose 5*w + 4*l = g, -2*w + 0*w - 5*l + 21 = 0. What is the units digit of (-3)/(1/(w + 0))?
6
Let u(y) = -y**3 + 8*y**2 + 10*y - 6. Let p be u(9). Suppose 2*n = k + 24, n - 17 = -p*k - 5. What is the units digit of n?
2
Suppose 4*s - 1 = -p, -s = s. Let o(m) = 2*m - 1. What is the units digit of o(p)?
1
Let c be 4*((-3)/2)/3. Let d = c - -6. What is the units digit of d?
4
Let p(g) = -g - 1. Let i be p(-5). Let u = i + 12. What is the tens digit of u?
1
Suppose -48 = x - n - 157, 3*n - 529 = -5*x. What is the units digit of x?
7
Suppose 0 = -4*q + 39 + 37. Suppose 0*f + 2*f - 54 = 0. Let b = f - q. What is the units digit of b?
8
Suppose -h - 4*v = 7, 3*h = -0*v + 2*v + 7. Let m = 6 + -3. Let x = h + m. What is the units digit of x?
4
Let v(x) = 3*x - 4 - 2*x + 2*x**2 - x**2. Let y be v(0). What is the units digit of (0 - -2)/((-2)/y)?
4
Suppose 3*o = 4*b - 0*o - 812, 5*b - 2*o = 1008. Suppose 5*i + y - b = 2*y, -4*i = -3*y - 149. What is the units digit of i?
1
Let i(h) = -2*h + 4*h**3 - 1 - h - h**3 + 3*h**2 - 2*h**3. What is the units digit of i(-3)?
8
Let l(c) = -2*c - 2. What is the units digit of l(-2)?
2
Let o = 6 - 3. Suppose -n = o*n - 12. Suppose 2*r = -r + n. What is the units digit of r?
1
What is the units digit of -56*(4 - (-19)/(-4))?
2
Let d = 0 + 35. What is the tens digit of d?
3
Suppose -1 = 2*a - 11. What is the units digit of a?
5
Let d = -14 - -2. Let g be (-2)/(-8) + (-21)/d. Suppose 5*k + 17 = -g*u, 0 = 5*u + 2*k - 13 + 3. What is the units digit of u?
4
Suppose 4*y - 5 = d - 0*y, 2*d - 6 = 4*y. Suppose 0 = -4*u + 4*p + 16, -4*u + 4*p = -u - d. What is the units digit of u?
5
Let l be (4 + 2)/((-4)/(-6)). Let g = l + 2. What is the tens digit of g?
1
Let u = 48 - 27. What is the units digit of u?
1
Let v(j) = -j**3 + 6*j**2 - 3*j + 2. Let w be v(5). Let m = 19 - w. What is the units digit of m?
7
What is the tens digit of 4648/70 - 4/10?
6
Let l = 5 + 9. Let i = l + -4. What is the tens digit of i?
1
Let m be (2 - (-1 + -1)) + -2. Suppose 5*h = 3*z + 11, 3*h + 2*z - 16 = m. What is the units digit of h?
4
Let n(s) be the second derivative of s**3/3 - 3*s**2/2 - 2*s. Let o be n(-4). What is the tens digit of (-3)/(-1) + 26 + o?
1
Let n(u) = 7*u - 8. Let j(l) = 2*l**2 - 3*l - 3. Let z be j(3). What is the units digit of n(z)?
4
Let l(c) = -c**2 + 6*c - 4. Suppose i = 2*i - 5. Let r be l(i). Let d = r + 11. What is the tens digit of d?
1
Let y = 0 + 7. What is the units digit of y?
7
Let f = 0 - -3. What is the units digit of ((-10)/3)/((-1)/f)?
0
What is the tens digit of (-366)/(-15) + 0 + 6/(-15)?
2
Suppose -j - 3 = 0, -14 + 82 = 4*w - 4*j. What is the units digit of w?
4
Let o = 1 - -2. What is the units digit of 30*(o/(-9) + 1)?
0
Let b = 14 + -8. What is the units digit of b?
6
Suppose 58*u = 61*u - 327. What is the hundreds digit of u?
1
Let c(g) = -2*g + 3. Let r be c(0). What is the tens digit of 4 + 141/r + 0?
5
Let f be 10/15 - (-76)/(-6). Let u be ((-3)/2)/(f/(-16)). What is the units digit of (-20)/u*(-20)/(-25)?
8
Let z = -13 - -16. Suppose 0 = -n + 10 + z. What is the tens digit of n?
1
Let o be 27/(-36) - 38/(-8). Suppose 9*n = o*n + 110. What is the tens digit of n?
2
Suppose 5*d + 175 = 4*m, 7*d - 2*d = 5. Suppose 0 = -4*t - 3*g + 31, 8*t = 3*t - 5*g + m. What is the units digit of t?
4
Let u(q) = q - 3*q - q - 9. Let h be (-60)/9 + (-2)/(-3). What is the units digit of u(h)?
9
Let g be (-24)/(-9)*423/4. Suppose -3*u = 3*u - g. What is the units digit of u?
7
Suppose 4*j = 29 + 139. What is the units digit of j?
2
Let a = -13 + 9. What is the units digit of 88/14 - a/(-14)?
6
Let r = 229 - 62. What is the tens digit of r?
6
Let r = -22 - -27. Suppose -1 = 3*m + r*w, w - 5 = -2*m - 1. What is the units digit of m?
3
Suppose 0*i - 3*o - 12 = -i, 0 = -5*i + 2*o + 21. Suppose i*m = 7*m + 92. Let v = -15 - m. What is the units digit of v?
8
Let b(z) = 8*z + 4. Let v(y) = -23*y - 13. Let l(m) = 11*b(m) + 4*v(m). What is the units digit of l(-5)?
2
Let j = 90 + 174. What is the units digit of j?
4
Suppose 0 = f - 21 - 22. What is the tens digit of f?
4
Suppose 5*w + 14 = 19. What is the units digit of w?
1
Let w(u) = -u**3 - 1. Let c(x) = -3*x**3 + 6*x**2 - x - 7. Let k(s) = c(s) - 4*w(s). Let r(h) = h - 12. Let j be r(6). What is the units digit of k(j)?
3
Suppose 7 - 2 = -i. Let p(n) = -n - n**2 - 8 + 1 - 7*n. What is the units digit of p(i)?
8
Suppose x - 8 = 14. What is the units digit of x?
2
Let z(b) = 10 + 3*b**3 - 7*b - 7 + 7*b**2 - 4*b**3. Let i be z(6). What is the units d